is the remainder when 27195 is divided by 27156?
39
What is the remainder when 29173 is divided by 181?
32
Calculate the remainder when 70685 is divided by 231.
230
Calculate the remainder when 65337 is divided by 10.
7
What is the remainder when 77466 is divided by 357?
354
Calculate the remainder when 7401 is divided by 335.
31
What is the remainder when 16972 is divided by 5639?
55
Calculate the remainder when 12091 is divided by 4012.
55
Calculate the remainder when 2246503 is divided by 13.
12
Calculate the remainder when 67452 is divided by 24.
12
Calculate the remainder when 481539 is divided by 123.
117
Calculate the remainder when 91759 is divided by 5.
4
Calculate the remainder when 621390 is divided by 474.
450
Calculate the remainder when 2281 is divided by 566.
17
What is the remainder when 415 is divided by 324?
91
Calculate the remainder when 2513 is divided by 2401.
112
What is the remainder when 235563 is divided by 222?
21
Calculate the remainder when 52916 is divided by 2783.
39
Calculate the remainder when 185446 is divided by 32.
6
What is the remainder when 13156983 is divided by 53?
51
Calculate the remainder when 306738 is divided by 21909.
12
Calculate the remainder when 8414 is divided by 444.
422
Calculate the remainder when 7850292 is divided by 645.
642
What is the remainder when 138761 is divided by 9?
8
Calculate the remainder when 69889 is divided by 706.
701
What is the remainder when 71217 is divided by 398?
373
What is the remainder when 132472 is divided by 13247?
2
What is the remainder when 11935 is divided by 11923?
12
Calculate the remainder when 209306 is divided by 104603.
100
What is the remainder when 510749 is divided by 375?
374
Calculate the remainder when 1678847 is divided by 3.
2
What is the remainder when 93726 is divided by 65?
61
What is the remainder when 18426 is divided by 59?
18
Calculate the remainder when 16364 is divided by 5448.
20
What is the remainder when 3473 is divided by 106?
81
What is the remainder when 220976 is divided by 318?
284
What is the remainder when 171 is divided by 90?
81
What is the remainder when 3950 is divided by 103?
36
Calculate the remainder when 1554 is divided by 1528.
26
What is the remainder when 38601 is divided by 471?
450
Calculate the remainder when 2211 is divided by 203.
181
Calculate the remainder when 14304 is divided by 547.
82
Calculate the remainder when 514917 is divided by 29.
22
What is the remainder when 115938 is divided by 345?
18
What is the remainder when 190509 is divided by 65?
59
Calculate the remainder when 495 is divided by 99.
0
What is the remainder when 24670 is divided by 406?
310
What is the remainder when 5604289 is divided by 59?
56
Calculate the remainder when 652464 is divided by 35.
29
Calculate the remainder when 16738 is divided by 237.
148
Calculate the remainder when 1122137 is divided by 62.
61
Calculate the remainder when 1363 is divided by 271.
8
Calculate the remainder when 12975 is divided by 344.
247
Calculate the remainder when 3102 is divided by 3088.
14
What is the remainder when 4019 is divided by 81?
50
Calculate the remainder when 8889 is divided by 90.
69
Calculate the remainder when 192672 is divided by 192625.
47
Calculate the remainder when 165795 is divided by 100.
95
Calculate the remainder when 1105 is divided by 36.
25
What is the remainder when 1793803 is divided by 379?
375
What is the remainder when 3197 is divided by 1602?
1595
What is the remainder when 794204 is divided by 119?
117
What is the remainder when 6742 is divided by 3328?
86
Calculate the remainder when 9310 is divided by 1078.
686
What is the remainder when 212238 is divided by 70744?
6
What is the remainder when 345839 is divided by 93?
65
Calculate the remainder when 29132 is divided by 89.
29
Calculate the remainder when 4361 is divided by 66.
5
Calculate the remainder when 23176 is divided by 144.
136
Calculate the remainder when 37981 is divided by 2.
1
Calculate the remainder when 3902 is divided by 3700.
202
Calculate the remainder when 717928 is divided by 12378.
4
Calculate the remainder when 2133 is divided by 164.
1
Calculate the remainder when 12014 is divided by 603.
557
Calculate the remainder when 889544 is divided by 92.
88
What is the remainder when 3955 is divided by 81?
67
What is the remainder when 10783 is divided by 3341?
760
Calculate the remainder when 22546 is divided by 2817.
10
Calculate the remainder when 944 is divided by 12.
8
Calculate the remainder when 7244 is divided by 604.
600
Calculate the remainder when 5230 is divided by 60.
10
Calculate the remainder when 2608 is divided by 2275.
333
Calculate the remainder when 14283 is divided by 5.
3
What is the remainder when 142225 is divided by 41?
37
What is the remainder when 3586 is divided by 149?
10
What is the remainder when 34102 is divided by 67?
66
Calculate the remainder when 893 is divided by 583.
310
What is the remainder when 18353 is divided by 2037?
20
Calculate the remainder when 1230 is divided by 863.
367
Calculate the remainder when 299 is divided by 65.
39
Calculate the remainder when 8120219 is divided by 323.
322
Calculate the remainder when 42791 is divided by 809.
723
Calculate the remainder when 6926 is divided by 349.
295
Calculate the remainder when 731 is divided by 464.
267
What is the remainder when 20167 is divided by 1489?
810
Calculate the remainder when 1354 is divided by 770.
584
What is the remainder when 23755 is divided by 3782?
1063
What is the remainder when 24322 is divided by 82?
50
Calculate the remainder when 776764 is divided by 258916.
16
What is the remainder when 37732 is divided by 356?
352
Calculate the remainder when 4937 is divided by 1222.
49
What is the remainder when 1083371 is divided by 9?
5
Calculate the remainder when 178306 is divided by 35661.
1
What is the remainder when 20153 is divided by 16?
9
Calculate the remainder when 4539 is divided by 104.
67
What is the remainder when 57994 is divided by 500?
494
Calculate the remainder when 524 is divided by 74.
6
What is the remainder when 697409 is divided by 316?
313
What is the remainder when 171260 is divided by 7135?
20
Calculate the remainder when 41102 is divided by 51.
47
What is the remainder when 9260 is divided by 1841?
55
Calculate the remainder when 141792 is divided by 39.
27
What is the remainder when 41276 is divided by 20635?
6
Calculate the remainder when 5671 is divided by 29.
16
Calculate the remainder when 187582 is divided by 52.
18
What is the remainder when 15632 is divided by 2233?
1
What is the remainder when 65750 is divided by 93?
92
What is the remainder when 5623 is divided by 26?
7
What is the remainder when 157384 is divided by 34?
32
Calculate the remainder when 2362 is divided by 785.
7
Calculate the remainder when 835199 is divided by 19.
16
What is the remainder when 426 is divided by 192?
42
Calculate the remainder when 557293 is divided by 263.
259
What is the remainder when 54854 is divided by 13711?
10
Calculate the remainder when 46955 is divided by 495.
425
What is the remainder when 15377 is divided by 324?
149
Calculate the remainder when 459936 is divided by 41.
39
What is the remainder when 100276 is divided by 133?
127
Calculate the remainder when 4104509 is divided by 19.
15
What is the remainder when 20612 is divided by 180?
92
What is the remainder when 11015 is divided by 107?
101
What is the remainder when 48926 is divided by 1963?
1814
What is the remainder when 4077 is divided by 58?
17
What is the remainder when 1177415 is divided by 18?
17
Calculate the remainder when 36643 is divided by 94.
77
What is the remainder when 42100 is divided by 13836?
592
Calculate the remainder when 5068 is divided by 99.
19
Calculate the remainder when 56423 is divided by 5642.
3
Calculate the remainder when 1633 is divided by 329.
317
Calculate the remainder when 1308 is divided by 1228.
80
What is the remainder when 137350 is divided by 118?
116
Calculate the remainder when 27380 is divided by 2104.
28
Calculate the remainder when 6201 is divided by 934.
597
What is the remainder when 88907 is divided by 304?
139
What is the remainder when 9707 is divided by 35?
12
What is the remainder when 239836 is